*w. Let u(j) = 3*j**2 - 15*j - 18. Let y be u(5). Let b = y - w. What is f(b)?
-8
Let v(x) = -x**2 - 19*x - 39. Let w be v(-17). Suppose -26 = -5*l - 4*g, 6 = -5*l + 4*g - 0. Let j(n) = -5 + n - 1 - 7*n + l*n. What is j(w)?
14
Let i(l) = -3*l + 7*l + 10 + 18 - 23 - 3*l. What is i(5)?
10
Let s(f) be the second derivative of f**3/6 + 8*f**2 + 2*f. Let v be (-1428)/112 + 7/4. Determine s(v).
5
Let u(b) be the second derivative of 4*b**3 - 139*b**2/2 + 1710*b - 1. Give u(7).
29
Let b(h) be the second derivative of -h**5/20 + 17*h**4/12 - 5*h**3/2 - 9*h**2 - 138*h - 1. Determine b(16).
-2
Let d(i) be the second derivative of i**3/2 + i**2/2 + 15*i - 17. Suppose l + 4 = 5. Let g be (-2 + l - 0) + -2. Calculate d(g).
-8
Suppose 4*v = -3*t - 15, 5 = -4*v + 4*t - 5*t. Let i(o) be the first derivative of -o**4/4 + o**3/3 - o**2/2 + 8*o + 48. What is i(v)?
8
Let u be (2/(-8))/(5/(180/(-3))). Let w(z) = 20 + 0*z + 3*z - 17 - 2*z**u. Calculate w(-2).
13
Let d(s) be the second derivative of -s**5/20 - 2*s**4/3 - 5*s**3/3 + 9*s**2/2 - 3043*s. Calculate d(-4).
-15
Let q(u) = -2*u**2 - 56*u - 97. Let h = 616 + -642. What is q(h)?
7
Suppose -1 = 4*n - 5*o - 48, -5*n + 4*o + 61 = 0. Let w = 17 - n. Let z(l) = -3*l**3 + l + 3*l**2 - 2 + w*l**3 - 6*l + 4*l. Determine z(-3).
1
Let n(g) = 2*g - 4. Suppose 0 = 31*k - 4 + 500. Let l be 3 + 2/6 + k/12. Calculate n(l).
0
Let q be (4 - 0) + -41 + 86. Suppose 61 = -4*n + q. Let l(s) = s**3 - 2*s**2. Give l(n).
-45
Let v(y) = y**2 - 4*y - 4. Let g = 31 - 26. Let n be (4 - 3)*(g + 1). Determine v(n).
8
Let u(b) be the second derivative of b**4/12 + 19*b**3/6 + 63*b**2/2 + 65*b. Determine u(-4).
3
Let i(j) = 10 - 2*j - 8 + 4*j**2 + 0*j. Let y(s) = s**2 - s + 1. Let g(a) = -i(a) + 3*y(a). Let d be (-2)/4*1*(-240)/(-60). What is g(d)?
-1
Suppose -5*d + 0 = 5*t + 20, -d + 2 = -2*t. Let x be (3/15*t)/((-1)/15). Suppose 0 = -c + x*c - 20. Let y(u) = u**3 - 5*u**2 + 7*u - 5. Determine y(c).
7
Let l(j) = -8*j. Let i = 6 - 0. Let s(p) be the second derivative of p**5/20 - 2*p**4/3 + 11*p**3/6 + 5*p**2/2 + 2*p. Let c be s(i). Calculate l(c).
8
Let w(r) = -r**3 + 6*r**2 - r - 7. Suppose 17*n = 143 - 58. Determine w(n).
13
Let s(r) = 691*r**2 - 230*r**2 + 4*r - 228*r**2 - 235*r**2 + 4. Calculate s(-3).
-26
Let c(w) be the second derivative of -w**4/12 + 4*w**3/3 - 3*w**2 - 7*w. Let n = -70 - -73. Suppose 4*g + 4*a = 28, 5*g + n*a = 4*g + 9. Determine c(g).
6
Suppose 0 = -9*x + 4*x + 110. Let o(f) = -19 + 82 + f - x - 20 - 20. Calculate o(-1).
0
Suppose 8*q + 0 - 16 = 0. Suppose q*g + 7 = -k, 9 = 5*k - 0*g - g. Let f(c) = 0 - 3*c**2 + 2*c**2 - 7*c**2 - k. What is f(1)?
-9
Let l(m) be the second derivative of -m**3/6 + 31*m**2/2 + 2313*m. Determine l(7).
24
Let l be (-27 + 26)/(2/72). Let p be -3 + l/21 - 10/35. Let z(a) = -a**3 - 4*a**2 + 7*a + 7. Calculate z(p).
-3
Let x(h) = -10*h**2 + 0 - 6*h + 0*h + 10*h**2 - 5 - 7*h**2. Determine x(-1).
-6
Let s be (-11 + 15)/((-1)/(-9)). Suppose 4*a - 27 = -3*q, 4*q - 4*a - a = s. Suppose -15 - q = 4*y. Let g(u) = -u**3 - 7*u**2 - 5*u + 7. What is g(y)?
1
Suppose -4*u + 577 = 17. Let b = u + -91. Let n(r) = -4*r - 2 - 48*r**2 + 4 + b*r**2. Calculate n(2).
-2
Let w(y) = 2*y + 10. Let o = -86 + 44. Let r be (o/(-18) - 3) + 46/6. What is w(r)?
24
Let k(b) = 3*b + 1. Suppose -647 = 3*h - 4*c, -5*c + 1080 = 3*h - 8*h. Let r = 216 + h. Determine k(r).
-2
Let m(n) = n**3 + 11*n**2 + 5*n. Suppose 9*y - 4*y + 2*l = -49, -l + 47 = -4*y. Determine m(y).
-55
Let j(m) = 5*m**3 + 4*m**2 - 10*m - 13. Let h(z) = -4*z**3 - 3*z**2 + 9*z + 10. Let p(a) = 4*h(a) + 3*j(a). Determine p(3).
-8
Suppose -9*c + 59 = -166. Let m(r) = -7 + c - r + 7. Determine m(0).
25
Suppose -5*f + o + 1 = -6, -2*f - 5 = -3*o. Let i(y) be the second derivative of y**5/20 - y**4/6 + 2*y**3/3 - 5*y**2/2 + 19*y - 47. Give i(f).
3
Let p = -76 + 78. Let d(j) = 0*j**2 - 144 + 143 - 11*j - j**p. Determine d(-10).
9
Let b(v) = v**3 + 12*v**2 + v - 6. Suppose 30*r - 120 = 40*r. Give b(r).
-18
Let t be 6/(-24) + 33/(-12). Let q(m) = 2*m**2 + 2*m - 5. Calculate q(t).
7
Let c = -5 + -4. Let f(i) be the third derivative of 0 - 3/20*i**5 - 11*i**2 + 0*i**4 - 1/120*i**6 + 5/6*i**3 - 2*i. Determine f(c).
5
Suppose -5*s - 8*s = -260. Let p(x) = -10*x - 2 + 31*x - s*x. What is p(6)?
4
Let a be 3/((2 - 4)/(-6)). Suppose -t - 4 = -a. Let u(q) = q - 3*q + 3 + t*q + 0*q. Give u(-4).
-9
Let x(a) = a**2 + 21*a + 34. Let p be x(-20). Suppose 0 = -5*w - p + 4. Let y(v) = 3*v - 3. Let s(f) = 4*f - 4. Let k(g) = -2*s(g) + 3*y(g). Determine k(w).
-3
Suppose 15*v + 112 = 22*v. Let n(g) = 8*g - v*g + 2*g + 7*g. Determine n(-1).
-1
Let v(t) be the third derivative of 0*t - 7/6*t**3 + 1/8*t**4 - 7*t**2 + 1/120*t**5 + 0. Let k(l) be the first derivative of v(l). Give k(-3).
0
Let o = 176 + -171. Suppose 2*m = -m - 4*n - 1, 4*m - 9 = o*n. Let d(l) = 3*l**3 - l**2 + l. Give d(m).
3
Let d(p) be the second derivative of p**4/12 + p**3/6 + 3*p**2 - 19*p + 111. Let n(a) = -3*a + 6. Let k be n(4). Determine d(k).
36
Let y(f) = -2*f**3 + 4*f**2 + 2*f - 2. Let l = 7 + -5. Let k be 0/l + (-40 - -43). Calculate y(k).
-14
Let a = -159 - -155. Let m(t) = t**3 - t + 3. Let x(d) = -3*d**3 + 6*d**2 + 2*d - 4. Let k(c) = a*m(c) - x(c). Give k(-6).
-20
Let g(u) = 228*u - 88*u + 216 - 81*u - 42*u. Give g(-13).
-5
Suppose 2*p - 2*g = 26, 12*p - 10*p + 4*g + 4 = 0. Let d(i) = -12*i + 8. Determine d(p).
-88
Let v(y) = y**3 + 5*y**2 + 2*y + 11. Let u be v(-5). Let j(f) = f**3 - 5*f**2 - 13*f + 3. Let b be j(7). Let q(c) = -8 - 1 + 2*c + b. Give q(u).
3
Let r(i) = -i + 11. Suppose 0 = -3*p + 29 + 34. Let k be 1/((-12)/(-40)*7/p). Give r(k).
1
Let v(o) = o**3 - 2*o + 2. Suppose -3*a = -0*a + 5*r + 1, -r = 2. Suppose 4*m = -0*p + 2*p + 4, 5*p - m = 8. Suppose -a*y + 2*y = -p. Give v(y).
6
Let q(h) = h**3 - 27*h**2 - 2*h + 7. Let i = -12515 + 12542. Give q(i).
-47
Let a(m) = m**3 + 11*m**2 + 23*m + 8. Let n = -29890 - -29883. What is a(n)?
43
Let n(v) = 2*v - 5 + 5*v**2 + 29 - 15*v**2 - v**3 - 3. Let w be n(-10). Let p(a) = -17*a - 1. Calculate p(w).
-18
Let z(v) = -3*v**2 + 14*v - 2. Let m(b) be the third derivative of -b**5/15 + 7*b**4/12 - b**3/3 - 4*b**2 + 15*b. Let r(s) = -2*m(s) + 3*z(s). Calculate r(13).
11
Let g(o) = 32 - 423*o - 427*o + 1265*o - 427*o. Give g(3).
-4
Let j(v) = -794*v**3 - 11*v + 4 - 8*v**2 + 22*v + 792*v**3. What is j(-5)?
-1
Suppose 7*w - 9*w + 12 = 0. Suppose 4*a + w - 18 = 0. Let z(h) be the second derivative of h**3/3 - 3*h**2/2 - 3*h - 29. Give z(a).
3
Let l be ((-12)/3 - -11)*1. Let p = 9 - l. Let d(m) = -2*m + m + 2*m + 6*m. Calculate d(p).
14
Let y(z) = -13*z**3 + 87*z**2 - 415*z - 65. Let h(j) = -7*j**3 + 44*j**2 - 209*j - 32. Let l(n) = 11*h(n) - 6*y(n). Calculate l(32).
6
Let m be ((-126)/36)/(-5 + -205). Let i(s) be the third derivative of -1/12*s**4 + 0 + 15*s**2 - 1/2*s**3 + s - m*s**5. Give i(-6).
-27
Let w(a) = -9*a - 9. Let x(k) = -2. Let q(j) = 25*j + 36. Let m(l) = -q(l) - 5*x(l). Let v(d) = -4*m(d) + 11*w(d). Calculate v(-11).
-6
Let z(b) = 5*b + 17. Suppose -8*p = -33*p + 226 - 1. Give z(p).
62
Suppose -3*b + 3 = 3*s, 0 = -2*s - s + 2*b + 13. Let j(q) = 4*q**3 - 13*q**2 + 22*q - 3*q**s - 10 - 9 - 21*q. Give j(13).
-6
Suppose 409*o - 396*o - 26 = 0. Let t(p) = p**3 - 5*p**2 - 5*p - 6. Let h(m) = -m**3 + 6*m**2 + 6*m + 7. Let d(g) = 4*h(g) + 5*t(g). Calculate d(o).
0
Let m(k) be the first derivative of 2*k**3/3 - k**2 + k + 1. Suppose -p = u + 4*u - 13, 2*p = -4*u + 14. What is m(u)?
5
Let w = -1522 + 1518. Let g(x) = x**2 + 6*x + 1. Give g(w).
-7
Let j be ((-24)/15)/(8/(-20)). Let p(w) be the second derivative of 0 - 1/12*w**j - w**2 - 1/3*w**3 - 10*w. Determine p(-3).
-5
Let t(r) = r**3 + 3*r**2 - 10*r - 41. Let a(m) = -m**3 - 3*m**2 + 9*m + 30. Let z(w) = 6*a(w) + 5*t(w). Give z(-5).
5
Let q(h) = 3*h - 7. Let k(o) be the second derivative of -7*o**3/6 + 8*o**2 + 9*o + 1. Let p(n) = 2*k(n) + 5*q(n). Calculate p(5).
2
Let f(w) = 13*w**2 + 14*w - 171. Let x(v) = -3*v**2 + 1. Let l(o) = f(o) + 4*x(o). Let b be l(8). Let q(y) = -y**3 + 8*y**2 + 10*y - 4. Determine q(b).
5
Let h = 1 + -6. Let s(w) = 12. Let z(j) = 5*j - 29. Let o(p) = 3*s(p) + z(p). Determine o(h).
-18
Let t(z) = 31*z**3 - 19*z**2 - 22*z - 20. Let k(a) = -9*a**3 + 6*a**2 + 7*a + 7. Let 